mmon factor of 39133144 and 24.
8
Calculate the greatest common divisor of 6841800 and 471800.
1400
What is the highest common divisor of 7 and 2242238117?
7
What is the highest common divisor of 210022 and 12802?
346
Calculate the greatest common factor of 123 and 29359731.
123
Calculate the highest common factor of 4867267 and 579.
193
Calculate the greatest common divisor of 7 and 413646751.
7
Calculate the highest common divisor of 297 and 58955391.
297
Calculate the highest common divisor of 20057943 and 4923.
1641
Calculate the greatest common divisor of 1048 and 18019836.
524
What is the greatest common factor of 7845692 and 3070?
614
What is the greatest common factor of 237023 and 34343?
563
What is the highest common factor of 145154376 and 6669?
513
What is the highest common divisor of 485058 and 2226?
42
Calculate the greatest common divisor of 52 and 51748216.
52
Calculate the greatest common factor of 2147000 and 543875.
2375
What is the highest common divisor of 5764 and 2204848162?
2882
Calculate the highest common factor of 23700819 and 6.
3
What is the highest common divisor of 1251072 and 1757691?
1629
Calculate the highest common divisor of 384 and 328296.
24
What is the greatest common divisor of 7984 and 10736?
16
Calculate the highest common divisor of 10120 and 1565080.
440
Calculate the highest common divisor of 15554777 and 5332.
1333
Calculate the greatest common factor of 3562 and 27771544.
274
Calculate the highest common factor of 372290624 and 128.
64
Calculate the highest common factor of 1368 and 273605016.
456
What is the greatest common divisor of 323 and 14248138?
19
What is the highest common factor of 15028 and 93652?
52
Calculate the greatest common divisor of 1701 and 2014131.
21
What is the greatest common divisor of 32350 and 58950?
50
Calculate the highest common factor of 10133999 and 141.
47
Calculate the greatest common factor of 825 and 60495900.
75
What is the greatest common divisor of 129480 and 21098600?
3320
What is the greatest common factor of 3255 and 119455?
35
What is the greatest common factor of 289652 and 79973916?
9988
Calculate the greatest common factor of 29930 and 28020466.
5986
What is the greatest common factor of 2510 and 1054770?
10
What is the greatest common factor of 49205911 and 213?
71
Calculate the highest common divisor of 177144 and 444840.
264
Calculate the highest common factor of 427 and 87364627.
427
Calculate the greatest common factor of 960562 and 6.
2
What is the highest common divisor of 24543930 and 1365?
15
What is the highest common divisor of 13252776 and 264?
24
What is the greatest common factor of 5438070 and 40?
10
Calculate the greatest common factor of 75734278 and 12085.
2417
Calculate the greatest common divisor of 48524 and 9562.
14
Calculate the greatest common divisor of 652 and 20822272.
652
What is the highest common divisor of 41837121 and 1665?
333
What is the greatest common divisor of 4672889 and 19097?
1469
What is the highest common factor of 3762 and 2423146?
418
Calculate the highest common divisor of 2281894 and 58.
58
Calculate the greatest common factor of 6816745 and 4433.
403
Calculate the greatest common divisor of 140868 and 10059764.
2236
What is the greatest common divisor of 372 and 22337980?
124
Calculate the greatest common divisor of 129367 and 9667.
7
What is the highest common factor of 5096386 and 881511?
4817
Calculate the greatest common factor of 1009381 and 44929.
179
Calculate the greatest common divisor of 151382 and 90706.
154
What is the highest common factor of 141553 and 195287?
401
Calculate the greatest common divisor of 4116 and 5028.
12
Calculate the highest common divisor of 234 and 164314566.
234
Calculate the highest common divisor of 28878 and 17502.
6
What is the highest common factor of 26 and 420903977?
13
What is the greatest common divisor of 466 and 1095333?
233
What is the highest common divisor of 44759 and 51958?
313
Calculate the greatest common factor of 2934928 and 6784.
848
Calculate the highest common divisor of 861 and 408249300.
123
What is the greatest common factor of 137428 and 9146272?
2924
What is the highest common factor of 168493250 and 40400?
5050
What is the greatest common divisor of 2182184 and 205?
41
Calculate the greatest common divisor of 14835 and 25266327.
129
Calculate the highest common factor of 13548176 and 18494.
2642
What is the highest common divisor of 1774 and 26988749?
887
What is the greatest common divisor of 1248 and 516072?
24
What is the greatest common factor of 84970225 and 62?
31
What is the highest common divisor of 59 and 1975733?
59
Calculate the highest common factor of 1802 and 62853216.
34
What is the highest common divisor of 341881 and 109069?
29
Calculate the greatest common divisor of 130654 and 4.
2
Calculate the greatest common factor of 2159603 and 3243.
47
Calculate the highest common factor of 106593693 and 879.
879
Calculate the greatest common divisor of 11158244 and 95.
19
What is the highest common factor of 1610206 and 442?
442
Calculate the highest common factor of 19184 and 2838360.
872
What is the highest common divisor of 126 and 39428886?
42
What is the greatest common factor of 18176 and 11218?
142
What is the greatest common factor of 119396 and 2983?
19
What is the greatest common factor of 14616982 and 6?
2
What is the highest common divisor of 18887157 and 36?
9
What is the highest common factor of 5240 and 9421040?
40
Calculate the greatest common factor of 75020 and 5236880.
2420
Calculate the highest common factor of 56827758 and 78.
78
What is the highest common divisor of 178626 and 33922?
14
Calculate the highest common factor of 237133470 and 45.
15
What is the highest common divisor of 158444 and 29348?
44
Calculate the greatest common divisor of 326009 and 1902079.
2159
Calculate the greatest common factor of 1988 and 78459544.
284
What is the greatest common divisor of 4456200 and 630?
210
What is the highest common divisor of 1460955 and 30?
15
Calculate the greatest common factor of 479256 and 20976.
456
Calculate the highest common divisor of 81057669 and 567.
21
What is the highest common factor of 366096 and 17922?
174
Calculate the highest common factor of 3517757 and 763.
109
Calculate the highest common factor of 1381 and 479207.
1381
What is the highest common factor of 91595911 and 44?
11
What is the highest common divisor of 145 and 4674365?
145
What is the highest common divisor of 64544 and 21303554?
4034
What is the greatest common factor of 102 and 59464810?
34
Calculate the highest common divisor of 890 and 3034930.
10
Calculate the greatest common divisor of 376 and 176804083.
47
Calculate the greatest common divisor of 54 and 796548.
6
What is the highest common divisor of 3098 and 5850573?
1549
What is the highest common divisor of 44703 and 9?
9
What is the highest common factor of 983 and 117976711?
983
Calculate the greatest common divisor of 1368 and 86466.
6
Calculate the greatest common divisor of 13560567 and 4509.
501
Calculate the highest common divisor of 731238850 and 1700.
850
What is the highest common factor of 76507400 and 6000?
200
What is the highest common divisor of 147 and 310175831?
49
Calculate the greatest common divisor of 309254183 and 2506.
1253
What is the greatest common divisor of 1647 and 101102742?
1647
Calculate the greatest common divisor of 7923 and 990489.
57
What is the highest common factor of 1472864 and 1568?
32
Calculate the greatest common factor of 363337752 and 87.
87
Calculate the highest common divisor of 198522564 and 57.
57
Calculate the highest common divisor of 1400 and 721455.
35
Calculate the highest common divisor of 92 and 3804101560.
92
What is the greatest common factor of 7638736 and 38801?
1687
Calculate the highest common divisor of 4113540 and 620.
20
What is the greatest common factor of 40400570 and 350?
70
What is the greatest common factor of 61485 and 345?
15
What is the highest common divisor of 114964 and 1025?
41
Calculate the highest common factor of 73289 and 16351.
83
Calculate the highest common factor of 3454851 and 3855.
771
What is the highest common factor of 15737164 and 1442?
206
Calculate the highest common di